6) to base 10.
1064
Convert 2421 (base 13) to base 5.
130342
Convert 1001011111001001 (base 2) to base 6.
455521
110221 (base 3) to base 8
535
Convert 2100220010 (base 3) to base 15.
dc03
Convert 1507 (base 16) to base 12.
3147
-4561 (base 7) to base 2
-11001111100
What is 121154 (base 7) in base 4?
11120120
Convert -11300 (base 4) to base 8.
-560
Convert -808 (base 15) to base 4.
-130100
What is -5d2b (base 14) in base 6?
-203255
What is -303 (base 6) in base 12?
-93
Convert 135552 (base 7) to base 2.
110010110010111
Convert 24351 (base 6) to base 15.
10ea
Convert 100004 (base 6) to base 15.
248a
What is -12202221 (base 3) in base 7?
-15163
What is -2402 (base 10) in base 3?
-10021222
What is -64 (base 7) in base 5?
-141
405 (base 16) to base 15
489
What is 1222311 (base 4) in base 10?
6837
What is -1111010110010 (base 2) in base 16?
-1eb2
33343 (base 5) to base 6
14512
What is -1143a (base 11) in base 8?
-40163
Convert 1003 (base 9) to base 13.
444
Convert -22437 (base 9) to base 3.
-202111021
1734 (base 12) to base 5
42101
2b2 (base 13) to base 14
267
8682 (base 10) to base 16
21ea
What is 783 (base 9) in base 13?
3a5
3887 (base 11) to base 9
6837
Convert 2425 (base 6) to base 11.
49a
Convert -402 (base 9) to base 7.
-644
What is -25161 (base 9) in base 13?
-7903
What is -1111110101 (base 2) in base 10?
-1013
Convert 27830 (base 9) to base 11.
13222
Convert 120111222 (base 3) to base 10.
11312
Convert -1100000001100 (base 2) to base 5.
-144111
What is -427 (base 15) in base 12?
-661
Convert -2a38 (base 11) to base 7.
-14260
What is -145 (base 11) in base 12?
-122
Convert -37164 (base 12) to base 2.
-10010001100011100
32a6 (base 15) to base 10
10731
What is -1200020 (base 3) in base 9?
-1606
3446 (base 7) to base 12
88b
What is 10200 (base 3) in base 10?
99
Convert 50 (base 14) to base 5.
240
-343423 (base 5) to base 15
-39e3
102210 (base 4) to base 13
705
Convert -222121 (base 3) to base 16.
-2ce
What is -2e68 (base 15) in base 16?
-270e
What is 120424 (base 6) in base 4?
2210200
Convert 661 (base 14) to base 2.
10011101101
2a61 (base 11) to base 2
111101100011
What is 44365 (base 11) in base 16?
fb42
What is -14 (base 8) in base 7?
-15
2213102 (base 4) to base 3
112200112
2005021 (base 6) to base 12
46771
Convert 949 (base 11) to base 4.
101312
-5961 (base 10) to base 15
-1b76
33201 (base 6) to base 5
121414
What is -8b0 (base 16) in base 3?
-10001101
What is -7b1 (base 15) in base 9?
-2344
What is 31200121 (base 4) in base 7?
320200
1120001212 (base 3) to base 8
73714
-814 (base 15) to base 12
-1077
7531 (base 11) to base 12
5918
Convert -1388 (base 14) to base 13.
-1757
What is -110201221 (base 3) in base 7?
-36034
Convert -3322 (base 4) to base 2.
-11111010
Convert -59 (base 14) to base 8.
-117
1010434 (base 5) to base 11
11331
What is 13001023 (base 4) in base 2?
111000001001011
Convert 360 (base 7) to base 16.
bd
What is 10210 (base 3) in base 4?
1212
What is 1477 (base 8) in base 11?
696
Convert 1517 (base 9) to base 8.
2176
4141 (base 6) to base 15
41a
Convert -22201120 (base 3) to base 4.
-1203120
What is 1001001011110011 (base 2) in base 5?
2200434
What is -114432 (base 5) in base 11?
-3310
Convert 21747 (base 13) to base 2.
1110110010010001
What is 961 (base 11) in base 15?
521
Convert -1778 (base 14) to base 10.
-4222
1185 (base 12) to base 15
8b8
Convert -31 (base 13) to base 14.
-2c
What is 131442 (base 5) in base 2?
1010001111111
Convert -132731 (base 9) to base 11.
-55771
1795 (base 15) to base 9
6875
12a01 (base 12) to base 10
25633
10301 (base 5) to base 16
2bd
2115 (base 10) to base 15
960
What is -3388 (base 11) in base 5?
-120302
-1032 (base 4) to base 7
-141
Convert 2c6 (base 15) to base 5.
10021
Convert -37bd (base 16) to base 9.
-21514
What is -5d7 (base 15) in base 8?
-2457
101112022 (base 3) to base 8
16774
Convert -1000011011110 (base 2) to base 10.
-4318
What is -101330 (base 5) in base 15?
-eca
Convert 674 (base 12) to base 6.
4224
Convert -102122 (base 3) to base 14.
-186
-1000001110100 (base 2) to base 9
-5700
What is 14133 (base 5) in base 2?
10010010000
-1011222 (base 3) to base 12
-5bb
What is 236255 (base 7) in base 2?
1010100000000101
What is 39224 (base 11) in base 4?
31231222
Convert 717 (base 13) to base 15.
553
-3ff (base 16) to base 15
-483
-302103 (base 4) to base 12
-1a43
Convert 2421232 (base 5) to base 4.
23002020
What is -3202 (base 15) in base 4?
-2211101
-33156 (base 7) to base 2
-10000010000010
What is 7023 (base 8) in base 7?
13335
What is -1213 (base 7) in base 4?
-13003
Convert 2322112 (base 4) to base 15.
3801
What is -1038 (base 11) in base 9?
-1784
What is -3164 (base 7) in base 2?
-10001100100
Convert 10111011001010 (base 2) to base 12.
6b22
-2034 (base 5) to base 16
-10d
What is -1841 (base 12) in base 9?
-4014
What is -c1 (base 15) in base 2?
-10110101
What is -396 (base 10) in base 5?
-3041
3744 (base 8) to base 3
2202211
What is 20022 (base 4) in base 6?
2230
Convert -219 (base 16) to base 4.
-20121
What is -10170 (base 9) in base 7?
-25356
Convert -8a3 (base 11) to base 8.
-2071
Convert 13333 (base 5) to base 16.
445
Convert -240 (base 11) to base 9.
-347
3321 (base 8) to base 15
7b5
Convert -236253 (base 7) to base 3.
-2012000000
-139 (base 16) to base 15
-15d
301030 (base 7) to base 11
35179
145005 (base 6) to base 16
36dd
-12512 (base 7) to base 10
-3341
18e4 (base 15) to base 8
12415
Convert -bfff (base 16) to base 8.
-137777
Convert -bbd7 (base 14) to base 4.
-13330101
What is 221002002 (base 3) in base 5?
1041111
What is 102220000 (base 3) in base 14?
3231
Convert -1310 (base 5) to base 4.
-3031
What is -10 (base 15) in base 7?
-21
Convert dd (base 14) to base 3.
21020
What is 20202122 (base 3) in base 14?
1b23
Convert -593 (base 15) to base 7.
-3453
What is 111110101 (base 2) in base 4?
13311
Convert 31012 (base 4) to base 10.
838
Convert -16057 (base 11) to base 3.
-1011010100
What is 27613 (base 9) in base 14?
6b75
Convert 21011201 (base 3) to base 6.
40114
What is 9ce (base 15) in base 6?
14135
Convert -112355 (base 7) to base 2.
-100111001110001
-352 (base 11) to base 6
-1540
What is 4945 (base 11) in base 15?
1dac
a3b (base 13) to base 16
6cc
428 (base 9) to base 4
11132
Convert -11441 (base 10) to base 9.
-16622
Convert 11120 (base 5) to base 10.
785
What is 103130 (base 4) in base 14?
64c
What is 1321302 (base 4) in base 5?
222134
Convert 57325 (base 9) to base 14.
dcaa
What is 2431 (base 6) in base 4?
21103
What is -603 (base 8) in base 3?
-112100
102122021 (base 3) to base 11
6414
Convert -101102222 (base 3) to base 13.
-3608
Convert 264f (base 16) to base 3.
111110020
Convert 122411 (base 5) to base 6.
33523
-6086 (base 9) to base 2
-1000101100100
What is bcc9 (base 13) in base 11?
18894
What is -1081 (base 13) in base 6?
-14354
Convert -8316 (base 12) to base 7.
-56421
What is 2124 (base 6) in base 12?
344
-43034 (base 6) to base 2
-1011011011110
What is 1c85 (base 14) in base 13?
24b0
What is -120230 (base 4) in base 8?
-3054
-22678 (base 11) to base 14
-bd19
39 (base 10) to base 9
43
What is -23211021 (base 4) in base 5?
-3004213
What is -3c2 (base 15) in base 3?
-1011202
What is -1b18 (base 12) in base 13?
-1694
Convert 2d (base 16) to base 10.
45
What is -22 (base 9) in base 13?
-17
-22023 (base 5) to base 16
-5e9
-17 (base 9) to base 7
-22
-17643 (base 8) to base 9
-12088
-11532 (base 12) to base 13
-a754
Convert 1000000000111 (base 2) to base 14.
16d1
-296 (base 16) to base 8
-1226
Convert -30004 (base 9) to base 15.
-5c77
Convert -10100000100 (base 2) to base 13.
-77a
11000111 (base 2) to base 7
403
What is 2337 (base 8) in base 7?
3431
What is -1103110 (base 5) in base 14?
-6da3
Convert 1151 (base 16) to base 11.
3370
What is 14303 (base 5) in base 2?
10010110011
690 (base 10) to base 16
2b2
Convert -12124 (base 5) to base 16.
-392
Convert 57b (base 14) to base 6.
5013
Convert 101002 (base 3) to base 16.
110
Convert -60b9 (base 12) to base 10.
-10509
What is -1394 (base 13) in base 4?
-230021
What is -59435 (base 10) in base 7?
-335165
Convert -847 (base 9) to base 16.
-2b3
What is -92 (base 15) in base 3?
-12002
Convert 658 (base 10) to base 3.
220101
What is -235 (base 9) in base 10?
-194
Convert 2b86 (base 14) to base 2.
1111001010010
Convert -167